lue of -3 + 1 - (-12 + (7 - 15))?
18
What is the value of (4 - 12) + 4 - (5 + -9 - 2)?
2
What is the value of -11 + (67 + -64 - (3 - (3 - 1)))?
-9
Calculate (-325 - -308) + (34 - -3).
20
-269 + 282 - (23 + -1)
-9
15 - -1 - ((-9 - -9) + 10)
6
0 - -1 - 9 - (-44 + 34 + -19)
21
What is the value of -44 + 5 + 35 + 35?
31
Evaluate (-1 - 40) + -2102 + 2117.
-26
2 + (9 - (5 + 5 + -3)) - 13
-9
What is 2 + ((-4 - -4) + 4 + -22 - -6)?
-10
Calculate (11 - (-2 + 6) - 3) + -9 + 18.
13
(19 - (14 - 10)) + 1 - (0 + -3)
19
20 + (-6 - 11) - 27
-24
Evaluate (-13 + -5 - -5) + 6.
-7
Calculate 16 - (12 - (-9 + 8 + 11)).
14
What is the value of (1 - 0) + 3 + 7 + 14?
25
Evaluate -2 + -4 + -4 + 7 + 0 + -4.
-7
Calculate 17 + -25 + 6 - -17.
15
What is 2 + 2 + 1 + (48 - 66)?
-13
Calculate (-7 - (-17 + 20 - (6 + -1))) + 2.
-3
What is (0 - -9) + -10 + -5 - -6?
0
Evaluate -6 + 0 + 1 + (-1428 - -1416).
-17
Evaluate -2 + 9 - 0 - (201 + -174).
-20
What is the value of 2 - (8 + (-14 - -6) + -2)?
4
What is 7 + (-19 - (-6 - -5))?
-11
Calculate -7 + 0 + 2 - 6 - -1.
-10
What is -8 + 0 - (3 - (21 - 28))?
-18
Evaluate (10 - 18) + 21 + -22.
-9
Calculate 7 - 0 - (28 - 48 - -25).
2
What is the value of (9 - (9 - 1)) + -16 + 41 - -5?
31
1 - 18 - -5 - -40 - 0
28
What is 18 + (-6 + -23 - -10 - 17)?
-18
Calculate 4 + (2 - (16 + 1 + -8 + 2)).
-5
Evaluate -5 - ((13 + 14 - 11) + -5).
-16
Calculate 2 - (-4 - -1) - (-57 + 56).
6
(12 - 34) + -12 + -8 + 16
-26
What is the value of (-17 - (-61 - -32)) + (-19 - 3)?
-10
Calculate -9 + (0 - (-8 + 4)) + 0.
-5
What is 6 - (-8 + 1 + (1 - 1) + 10)?
3
-10 - ((16 - -18) + -30)
-14
Calculate (0 - (7 - 7)) + (2 - 0) + -6.
-4
59 + (-34 - (4 + -15))
36
Evaluate 6 - (-8 - (-17 - -8 - 16) - -8).
-19
What is 17 + 10 + (44 - 56)?
15
1 - 3 - (21 - (20 + -6))
-9
What is the value of 2633 - 2594 - (45 + -1)?
-5
What is the value of 24 + -42 + 47 - 53?
-24
Evaluate -18 - (-4 - 8) - (-2 - 1).
-3
Calculate 0 + 41 + (-46 + 66 - 32).
29
Calculate (-5 + (-9 - 4) + 8 - -1) + -3.
-12
What is -2 + 10 - (38 - -3 - 12)?
-21
Calculate (1 - (-12 - -6)) + 11 + -7.
11
Evaluate -8 - (0 - 0) - (-7542 + 7524).
10
What is (85 - 80) + 0 + 11 + -7?
9
What is -5 + -1 - -6 - ((-3 - 8) + -1)?
12
Evaluate 19 + (3 - (-5 + 3 + -9 + 17)).
16
-876 - -873 - (1 - 1 - -1)
-4
Evaluate -3 + (3 - 11) - (-68 + 48).
9
Evaluate 9 - (-46 + 51) - (24 + -1 + -1).
-18
Evaluate 2 + -11 + 6 - -11.
8
What is -1 + (-3 - -1) + -116 + 115 + 23?
19
What is (-16 - ((13 - 12) + -7)) + 13?
3
Calculate -3 + 11 - ((-5 - -4 - -14) + 1).
-6
What is the value of (8 - (-5 - -4) - -1) + (10 - 1)?
19
20 + 24 + (7 - 21) + -3
27
Calculate 3 - (3 - -3) - (7 - 10 - 2).
2
What is 37 - 40 - (-11 - (-3 + 7))?
12
-19 - ((127 - 135) + (-2 - -1) + 4)
-14
Evaluate -12 + -29 + 16 - -28.
3
Evaluate (-1 - -2) + -2 - 8 - (319 + -323).
-5
What is -12 - ((-3 - (11 + -2) - -6) + 7)?
-13
What is 42 - ((24 - -7) + 19)?
-8
Calculate -13 + -1 - (14 + (-15 - -10) - 15).
-8
What is 21 + (-7 - 19) - (1 + 8)?
-14
-29 - (-2 + 1 - (36 - 20))
-12
-6 + (-10 - (-20 - 3))
7
Evaluate (1 - (9 - 1)) + -123 + 123.
-7
What is the value of 5 - 18 - -5 - (7 - 3 - 13)?
1
Calculate 12 - (0 - (15 + -4 - 12)).
11
(-29 - 5) + 50 - 34
-18
What is -50 + (22 - 3) + 24?
-7
(-36 + 15 - -10) + -12
-23
What is -140 + 125 + (27 - 1)?
11
Evaluate 1 + -2 + -1 - (-5 + 5 + 0).
-2
Evaluate -9 + -3 + -20 + 23.
-9
Calculate (305 - 302) + (-1 + 3 - 13).
-8
Evaluate -2 - 28 - (51 - 50).
-31
What is -3 + -5 + 4 - (7 + 6)?
-17
Evaluate -5 + -33 + 16 + 9.
-13
22 + 0 + 2 + -14
10
What is (-29 - -1) + (-42 - -56)?
-14
Calculate -1078 + 1031 + 32 + -1.
-16
-2 - 3 - (9 + (4 - 9) - 0)
-9
What is the value of (3 - -8) + (-12 - -16) + -21 - -24?
18
What is 0 + 2 - (5 - (-17 + 14) - 4)?
-2
Evaluate -39 + -49 + 4 - -47.
-37
What is the value of 10 + (4 + -11 - -11)?
14
(20 - 10) + -21 - (-30 - 1)
20
What is (45 - -5) + (-90 - -67)?
27
What is the value of (-1120 - -1110) + (14 - 1)?
3
Calculate 8 - (8 + (0 - -2) + -7).
5
What is the value of 0 + -25 + (85 - 49)?
11
80 - 150 - -53 - (-6 + 0)
-11
Calculate -32 + (85 - (50 + -18)).
21
Evaluate 10 + 2 + -5 - (-11 + 2 - -3).
13
0 + -11 + 9 + 28 + -41
-15
(-11 - -9 - (1 + -3 + -1)) + 2
3
23 + (-1 + -24 - -24)
22
What is 107 + -91 + -3 + 1 + 1?
15
(1 + (4 - 1) - (2 + 6)) + 4
0
Calculate -1 + 0 + 9 - (18 - 16).
6
Evaluate -44 + -7 - -49 - (1 - 13).
10
What is (-1 - 11) + (70 - 61)?
-3
81 + -96 - (-22 + -1)
8
55 + -20 + 3 + -12 + -11
15
What is (6 - 15 - -3) + 8 + -2?
0
-14 - (10 + (-27 - -3))
0
-26 - (16 + (17 - 25))
-34
(-6 - (-10 + 13)) + 16 + 8
15
What is the value of -14 + 17 - (4 - -2) - -7?
4
Evaluate 0 + -8 + (-5 - (-17 - -7)).
-3
Calculate -1 + -24 + (16 + -7 - (-6 + 14)).
-24
Evaluate -14 + (5 - (-59 - 3)) + -19.
34
What is the value of (22 - (20 + -4)) + 8 + -2 + -4?
8
What is (-2 + -3 - -10) + -7 + (0 - -2)?
0
What is -3 - (3 - 5) - (135 + -124)?
-12
Evaluate 10 + (30 - 19) + -8.
13
What is -52 + 94 + (-31 - -5)?
16
Evaluate 15 - (3 + 22 + -27).
17
6 + 10 + -7 + 4 + -3
10
Calculate (17 - (-8 + 25)) + -16 + -17.
-33
What is the value of (1 - (-1 + 2)) + (-7 - -17) + -8?
2
Calculate -11 + (-6 - -22) + 3.
8
What is the value of -57 + 27 - -30 - -18?
18
Calculate 4 + -15 + (1 - -9).
-1
What is the value of 9 - (12 + -4 + 10)?
-9
What is 17 + (-7 - -3) + 7?
20
What is 16 + (-7 + -1 - -15) + (-1 - 2)?
20
Evaluate (-119 - -136) + (-15 - 1) - 4.
-3
5 + (-1 - (-25 - -12)) + -7
10
Calculate (-5 + -4 - -35) + -26.
0
What is the value of -37 - -29 - 10 - (0 + -4)?
-14
Calculate -1 - -5 - (9 + -9) - 17.
-13
What is the value of -2 + (7 - 3) + -2 - 4 - -10?
6
Evaluate -5 + (8 - -3) + -12 + (-1 - 1).
-8
Evaluate (10 - 22) + 5 - 5 - -2.
-10
-11 - (5 + (-13 - -27) - 42)
12
Calculate -30 - (-19 + -4 + -9 + 27).
-25
What is -1 - ((-1 - -1) + (9 - -4 - -3))?
-17
What is 4 + 0 + 6 + (-9 - -6)?
7
Calculate 7 - ((3 - (2 - -6)) + 6 + 6).
0
What is (-24 - -14) + 1 + -17 + 6?
-20
What is the value of (1 - -22) + (-464 - -460) + 0 + 1?
20
(-21 - (-15 + -11)) + 1 + 7
13
Evaluate 3 + 0 + (10 - -1 - (-22 + 24)).
12
What is -17 - (-15 + 27 - (-5 + 43))?
9
What is the value of -75 - -14 - (-22 - 6)?
-33
Evaluate -4 + 18 - ((0 - -41) + -9).
-18
What is 2 - ((-8 - -18) + 2) - (1 - 0)?
-11
Calculate (33 - 7 - 7) + -5 + -2.
12
6 + (6 - 4) + (-16 - -10)
2
Evaluate -2 - 37 - (-37 - (-41 - -13)).
-30
-14 - -6 - 0 - (-13 - -6)
-1
Calculate -6 + (1 - 22) + -28 + 16.
-39
(-20 - -27) + (-13 - 0 - -5)
-1
What is the value of 300 - 349 - (-28 + 4)?
-25
Evaluate -8 - ((25 - 19) + -16).
2
Calculate 1 - ((6 - 0) + 3) - (-101 + 88).
5
Calculate 8 - (-5 - (-6 + -3 + 4)) - -4.
12
What is the value of (0 - -2) + (-9 - (-3 - 5) - 10)?
-9
(21 + 2 - 39) + (0 - -2)
-14
(2 - 3) + (-1 + -1 - 8 - 0)
-11
Calculate 7 - ((2 - (-1 + 4 - -4)) + 5).
7
Calculate -12 + -13 + 4 + 10.
-11
Evaluate (4 + -8 - 0) + 5 - (-4 + 23).
-18
What is (-8 - (-2 - 3)) + (11 - 13)?
-5
What is 1916 + -1907 + -1 + 1?
9
-2 + 2 + 1 + (4 - 3) + -2
0
Calculate 49 - (84 - (-19 + 59)).
5
Calculate 0 - 8 - (-11 - (-12 + 0)).
-9
1 - -24 - (-8 + 12)
21
Evaluate -13 - (-18 + 5 + 0) - 29.
-29
What is the value of 14 - 13 - (11 - 17)?
7
-32 - (2 - 50) - 35
-19
4 - (-8 - -8) - 5
-1
Evaluate (-4 + 6 + 5 - 5) + -33 - -6.
-25
Evaluate (-99 - (-14 - 57)) + (9 + 0 - 0).
-19
What is the value of (-120 - (-179 - -80)) + (-1 - (3 - 1))?
-24
Evaluate 2 - (1 - (-5 - -13 - -3)).
12
What is the value of (-8 + 1 - -10) + -1 - 9 - 22?
-29
What is the value of 8 - 2 - (6 + -17 + 20)?
-3
-6 + (-1 + 22 - 7) + (7 - 1)
14
Evaluate (-3 - -11) + -1 + (6 - 15 - 3).
-5
What is the value of (54 - 30) + -57 - -44?
11
What is the value of -9 - (0 + -19 + 20 + 0 + -2)?
-8
What is the value of -96 - -85 - (-7 - 2)?
-2
Calculate 1 + -13 - (-29 - -9).
8
Evaluate 11 + -6 + -43 + 26.
-12
Calculate 4 - ((9 - 17) + (3 - -2) + 18).
-11
What is the value of 7 + 11 - 6 - 12?
0
Evaluate -1 + -5 - 1 - (2 + -17 - 4).
12
What is the value of -6 + (-8 + 35 - 1) + -10?
10
Calculate (-17 - -24) + (-12 - (1 + 1)).
-7
What is 17 + (7 - 5) - 28?
-9
What is -11 - ((-10 - -19) + -8)?
-12
-5 - -19 - -11 - (5 + 0 + 4)
16
What is (-30 - -8 - -9) + 10?
-3
What is the value of -8 + 22 + 2 - 4?
12
Evaluate -4 - (-1 - -17) - (-3 - -11 - 16).
-12
Calculate -14 - (-4 + -11 - -13 - -2).
-14
(2 - 